ime factors of v?
2, 7
Suppose d - 4427 = -2*g, -15*d = -10*d - 35. What are the prime factors of g?
2, 5, 13, 17
Let q be (-6)/(-6*1/(-8)). Let p(j) = -j**3 - j**2 + 29*j + 75. Let c be p(-3). What are the prime factors of (0 - q/c)*144?
2, 3
Suppose -23*a + 913233 - 175232 = 0. Suppose 0 = 39*f - 38152 - a. What are the prime factors of f?
1801
Let b = -54077 - -78676. What are the prime factors of b?
17, 1447
List the prime factors of (1827109/93)/((-6)/(-18)) - -8.
3, 7, 401
Let z = 70 + -74. Let o be ((-3)/(-1) + z)/(2/(-62)). Suppose 3*s - 332 = -2*g, -2*s - 663 + o = -4*g. What are the prime factors of g?
2, 5
Suppose -4*v + 4*a = -136588, -78*a - 40 = -73*a. What are the prime factors of v?
7, 4877
Let h(w) = 356*w**2 - 170*w + 1199. List the prime factors of h(7).
31, 563
Suppose -94*x + 43*x = -44*x - 90909. List the prime factors of x.
3, 13, 37
Let z be -1 + (0 + 5 - 0). Suppose -z*i - i + 4*h - 14 = 0, 4 = -3*i - 2*h. List the prime factors of (5 + 8/i + 0)*86.
2, 43
Let g(k) = -k**3 + 57*k**2 + 119*k + 59. Let o be g(59). Suppose 4*d - 612 = d. Let x = d - o. List the prime factors of x.
2, 43
Suppose 0*w - 231 = -2*w - y, -y - 225 = -2*w. Let t = w + -97. List the prime factors of t.
17
Let l = -18 + 27. Suppose 18 = 7*k - l*k. List the prime factors of (1 - -1) + 154 - (k - -7).
2, 79
Let h be (-7 - (-12)/3) + (11 - 6). Suppose -h*j + 749 = -25. List the prime factors of j.
3, 43
Suppose -12*j = 37 + 11. Let n(w) = -11*w**2 - 5*w - 10. Let y(p) = -23*p**2 - 10*p - 21. Let r(z) = -9*n(z) + 4*y(z). List the prime factors of r(j).
2, 7
Let c(x) = -2017*x - 1835. List the prime factors of c(-7).
2, 37, 83
Let y = 2 + 12. Let i = y - 26. What are the prime factors of (101/(-2))/(i/72)?
3, 101
Let z(o) = -15*o**2 - 31*o - 45. Let j(i) = -7*i**2 - 15*i - 22. Let r(l) = -13*j(l) + 6*z(l). Let x be (0 - -1)*14*4/(-8). What are the prime factors of r(x)?
2
Let l = 2176 - -6175. What are the prime factors of l?
7, 1193
Let f(x) = 53*x**2 + 115*x - 153. What are the prime factors of f(16)?
3, 5, 113
What are the prime factors of ((-3900)/(-9))/((-4 + -19)/(-1104))?
2, 5, 13
Let g(p) = p**3 + 9*p**2 + p - 15. Let n = -25 - -49. Let r = -31 + n. What are the prime factors of g(r)?
2, 19
What are the prime factors of (-156)/(-351) - 227102/(-9)?
2, 11, 31, 37
Let r = 19 + -12. Let q(z) = z - 6*z + 4*z**2 + 10 - 12. What are the prime factors of q(r)?
3, 53
Suppose 8*j - 504 = 26*j. What are the prime factors of (-24)/(-56) - 10404/j?
2, 3, 31
Let v(d) = 2*d**3 - 71*d**2 - 3*d - 53. Suppose 779 + 157 = 26*y. List the prime factors of v(y).
5, 227
Let j = 63 - 63. Let z(l) = 2*l + 465. Let t be z(j). Suppose -p + 93 = u - 4*p, -5*u + t = 2*p. What are the prime factors of u?
3, 31
Let t(f) = f**3 - 9*f**2 + 15*f - 2. Let c be t(7). Suppose c*r = a - 229, -696 = -3*a + 2*r + 56. What are the prime factors of a?
2, 127
Let s(v) = 439*v**2 + 166*v - 500. What are the prime factors of s(3)?
11, 359
Let f = 13693 + 4889. List the prime factors of f.
2, 3, 19, 163
Let n(o) = 10*o**2 + o + 9. Let u be n(-2). Let q = u + 44. What are the prime factors of q?
7, 13
Let i = 251 + -192. Suppose -15994 = 37*v - i*v. List the prime factors of v.
727
Suppose 10311 = -349*b + 352*b. Suppose 0*l = -4*l - q + 2751, -5*l - 3*q = -b. What are the prime factors of l?
2, 43
List the prime factors of (-7)/(-14)*2*1*6224.
2, 389
Let w = 20798 + -7893. What are the prime factors of w?
5, 29, 89
Let h = 5118 + 4272. Suppose h = -109*y + 124*y. What are the prime factors of y?
2, 313
Let i(y) = 27 - 14*y + 33 + 8*y**3 + 19 - 67 - 7*y**2. List the prime factors of i(6).
2, 3, 13
Suppose 2*o - 7*p + 9*p = 1014, 2*o + 4*p - 1020 = 0. Let d = -330 + o. What are the prime factors of d?
2, 3, 29
Let v = 72820 + -35292. What are the prime factors of v?
2, 4691
Let u(l) = -224*l - 5. Suppose -17 = -4*h - 21. What are the prime factors of u(h)?
3, 73
Let i = -34 - -37. Suppose 1218 = s + 6*u - i*u, 5*u = -s + 1212. List the prime factors of s.
3, 409
Let r(f) = -267*f + 2890. What are the prime factors of r(-55)?
5, 19, 37
Let m(k) = -5573*k - 483. What are the prime factors of m(-4)?
113, 193
List the prime factors of 1790062/1123 - (-4 - (1 + 0)).
3, 13, 41
List the prime factors of -5*2*((-23898)/(-5))/(-6).
2, 7, 569
Let l(q) = 4*q**2 + 19*q + 29. List the prime factors of l(29).
2, 17, 29
Let h(w) = 1215*w + 5181. What are the prime factors of h(6)?
3, 4157
Suppose w + 4*f = 1103, 2*w - 3239 = -w + 2*f. Let y = -727 + w. What are the prime factors of y?
2, 89
Let r = 6618 + -4243. List the prime factors of r.
5, 19
List the prime factors of 2512/(-6)*-3*(-40 - -44).
2, 157
Let v be 19/(114/36) - -600. Let t = v - 54. What are the prime factors of t?
2, 3, 23
Suppose 0*w + 14 = 2*w + 2*s, -1 = 5*w - 4*s. Suppose -w*y + 72 + 75 = k, -2*y - 2*k = -94. Let z = -32 + y. List the prime factors of z.
2, 3
Let y(d) be the third derivative of -d**5/60 + d**4/4 + d**3 + 19*d**2. Let c be y(7). List the prime factors of (c*(-6)/(-15))/(1/(-100)).
2, 5
Let q = -81 - -69. What are the prime factors of (-6)/(24/174*2/q)?
3, 29
Let f be -6 + 13 + (-2)/2. Suppose f*r - 16*r = -1210. What are the prime factors of r?
11
Suppose 4*c = 2*x + 10414, 117 = 5*c - 2*x - 12902. What are the prime factors of c?
5, 521
Let o = -22 + 24. Suppose -2*v - o*d - 2*d + 466 = 0, 1 = d. Suppose 0 = 4*t - v - 65. List the prime factors of t.
2, 37
Suppose 0 = 3*z + 13*t - 12*t - 43404, -t = -6. List the prime factors of z.
2, 3, 2411
Let v(h) = h**2 - 26*h + 67. Let y be v(12). List the prime factors of (-1 - y)/((-6)/(-192)*4).
2, 5
Let t = 45 - 27. Let q = 23 - t. Suppose -1248 = -q*l - 3*l. List the prime factors of l.
2, 3, 13
Let w(h) = -7*h + 16. Let a be w(-17). Let b = 189 - a. List the prime factors of 4/(-18) - (-5412)/b.
2, 5
Suppose 0 = 4*x - 40313 - 144655. What are the prime factors of x?
2, 3, 7, 367
Let z(u) = 470*u - 11887. List the prime factors of z(95).
3, 67, 163
Suppose 23391 + 26877 = 4*b - 4*l, 4*b + 3*l = 50324. List the prime factors of b.
5, 503
Suppose -2*n + 181 = 4*u + 127, 3*u - 48 = -4*n. What are the prime factors of u/(-8) - (-3895)/10?
2, 97
Let f(i) = -10*i**2 + 839*i - 111. What are the prime factors of f(61)?
2, 13, 41
Let r = 2202 - 3845. Let d = -967 - r. What are the prime factors of d?
2, 13
Suppose -79*p = -30*p - 145579. What are the prime factors of p?
2971
Let b(l) = 2980*l - 7562. List the prime factors of b(20).
2, 3, 7, 59
Let w be 2/(-10)*2 - (-21)/15. Let j(k) = 210*k**2 + k - 2. What are the prime factors of j(w)?
11, 19
Let w(q) = q. Let v be w(-5). Let t = 13 + v. Let u = t + 15. What are the prime factors of u?
23
Suppose -98*b = 4*x - 102*b - 51764, -x + 12951 = -3*b. List the prime factors of x.
2, 3, 7, 11
Suppose -2*p + 100*r - 101*r = -7976, 0 = -5*p - 4*r + 19946. List the prime factors of p.
2, 1993
Suppose 192*y - 7601880 = -556893 + 1611141. What are the prime factors of y?
2, 3, 13, 17
Suppose 2*f = 3*p - 16386, -p - 29*f + 24*f + 5496 = 0. What are the prime factors of p?
2, 3, 911
Suppose 10*p + 52240 = 298120. List the prime factors of p.
2, 3, 683
Let t be 2*(21/2)/(-7) + -1. Let g(r) = -201*r - 33. List the prime factors of g(t).
3, 257
Suppose 481*m - 473*m = 32248. List the prime factors of m.
29, 139
Let c = -215 - -221. List the prime factors of (0 + 3/c)*1208.
2, 151
Let t = 41174 + -27923. List the prime factors of t.
3, 7, 631
Let l = -227 - -213. Let v(g) be the first derivative of -g**4/4 - 4*g**3 + 4*g**2 - 27. What are the prime factors of v(l)?
2, 5, 7
Suppose -x = 5*w - 31, -4*x = 12*w - 15*w + 14. Suppose d + 8*y = w*y + 769, -5*d = 3*y - 3859. What are the prime factors of d?
773
Let d(a) = a**3 - 8*a**2 - 30*a + 42. Let l be d(12). Let g = 423 + l. What are the prime factors of g?
3, 227
Suppose -4*p - 2*h + 3*h + 975 = 0, 3*h + 230 = p. Suppose -2*r - f = -65 - 30, 5*r = -5*f + p. List the prime factors of r.
2, 23
Suppose -5481*f = -5494*f + 111332. List the prime factors of f.
2, 2141
Let k(h) = 2*h**3 - 24*h**2 - 28*h + 29. Let y be k(13). Suppose 759 = 3*i + 2*j, y*i - 56 = 4*j + 721. What are the prime factors of i?
3, 5, 17
Let y(x) = 4*x - 3*x**2 - 571 + 29*x**2 + 578 - 2*x**2. What are the prime factors of y(-5)